2154314 - 21?
-1252154335
In base 4, what is 201100120 + -303332?
200130122
In base 9, what is 114383 - 250?
114133
In base 4, what is -100333131330 + 103?
-100333131221
In base 11, what is -3 - -2071520?
2071518
In base 4, what is 30 + 311230023103?
311230023133
In base 4, what is 30030212311132 - 3?
30030212311123
In base 4, what is 32130320331000 - 2?
32130320330332
In base 8, what is -773542541 - 0?
-773542541
In base 13, what is -b2c33a4 + -5?
-b2c33a9
In base 14, what is -d3515 + 4?
-d3511
In base 6, what is 453544140 + 25?
453544205
In base 16, what is -3 - -10c51a?
10c517
In base 15, what is -3b209 - b0?
-3b2b9
In base 8, what is 50557 - 1021?
47536
In base 5, what is 114 + -3004244?
-3004130
In base 4, what is -1 + 132311200012?
132311200011
In base 2, what is -1001110111 + -101111001?
-1111110000
In base 3, what is -100111212 + 1221212?
-21120000
In base 6, what is 404355123 - -13?
404355140
In base 12, what is 3 - -17159279?
17159280
In base 8, what is 1242516 + -17?
1242477
In base 14, what is -5c93cc + -b5?
-5c94a3
In base 13, what is 41 + 23258?
23299
In base 14, what is -3 - -42c561b?
42c5618
In base 8, what is -417 + 14344?
13725
In base 12, what is -2a + 14678b?
146761
In base 2, what is 1001101111100001011 + 11?
1001101111100001110
In base 9, what is 7307268 + -5?
7307263
In base 6, what is 42032 + 55250?
141322
In base 2, what is 111 - 1000100001101010110?
-1000100001101001111
In base 4, what is 21 - 13212330032?
-13212330011
In base 8, what is -113501 + 162?
-113317
In base 5, what is 4 - 433331002?
-433330443
In base 6, what is -4114325 + 41?
-4114244
In base 11, what is -1855587 + -5?
-1855591
In base 4, what is 0 + 1012002233030?
1012002233030
In base 8, what is 7640 - -112462?
122322
In base 2, what is 1110011 - -110110000010100110100?
110110000010110100111
In base 6, what is -13323343515 + 0?
-13323343515
In base 13, what is -18c666 + 275?
-18c3c1
In base 7, what is -2166 - 26506?
-32005
In base 6, what is -501522 - -1200?
-500322
In base 7, what is 15 + -130502?
-130454
In base 4, what is -2120031 + -1213311?
-10000002
In base 5, what is -220 + -31302321?
-31303041
In base 9, what is -21121 + 5233?
-14777
In base 14, what is 205a8ccb + 2?
205a8ccd
In base 2, what is 100000101010110111010011110 - 1011?
100000101010110111010010011
In base 4, what is 3100002300301 - -2?
3100002300303
In base 2, what is 1011001110 + 1101110010011011110?
1101110011110101100
In base 7, what is 1 - -55014021?
55014022
In base 15, what is -20e7c8 + a?
-20e7bd
In base 7, what is 16 + -15530230?
-15530211
In base 11, what is -365681 + -18?
-365699
In base 12, what is -88260 - -16?
-88246
In base 12, what is -9457 + 3583?
-5a94
In base 12, what is -2074 - -24327?
22273
In base 13, what is 18924 + -97?
1885a
In base 15, what is -a91 - 668a?
-722b
In base 16, what is 670d54 + 48?
670d9c
In base 4, what is 1312133 + -212211?
1033322
In base 14, what is -57818 + 2b8?
-57540
In base 5, what is -1003 - 3022033?
-3023041
In base 8, what is -206 - -17565700?
17565472
In base 16, what is -1259e - b?
-125a9
In base 10, what is -129 + 279335?
279206
In base 3, what is -1012101000 + 111120000?
-200211000
In base 12, what is 2 + -742b721?
-742b71b
In base 4, what is -101121131312 + 2213?
-101121123033
In base 10, what is 1 - 90793573?
-90793572
In base 14, what is -243228b + -6?
-2432293
In base 5, what is 330034110 + 31?
330034141
In base 10, what is 2 + -16050863?
-16050861
In base 6, what is 111 - 3354011?
-3353500
In base 3, what is 12 - 22101202210010001?
-22101202210002212
In base 10, what is -11519 + -3130?
-14649
In base 2, what is 1000011 + -10001011101100001?
-10001011100011110
In base 7, what is -150631 + 26311?
-121320
In base 16, what is -d - 912188?
-912195
In base 13, what is -b - 492761?
-49276c
In base 5, what is -2133 - 31332301?
-31334434
In base 10, what is -133918 + 396?
-133522
In base 9, what is 416 + 131038?
131455
In base 15, what is -2a - -dc06ce?
dc06a4
In base 11, what is -14a78 + 234a1?
9524
In base 5, what is 14402214042 - 121?
14402213421
In base 6, what is 5 + -115533120?
-115533111
In base 12, what is 546a95 + 60?
546b35
In base 7, what is -4315 - 654?
-5302
In base 8, what is 6206212 + -2?
6206210
In base 14, what is 3bb317 - -12a?
3bb443
In base 13, what is 17 - 74257?
-74240
In base 13, what is 45cc54 + -3?
45cc51
In base 8, what is 1147506 + -24?
1147462
In base 8, what is -2 - 1206604457?
-1206604461
In base 8, what is -260635424 + -2?
-260635426
In base 15, what is -8 + 3d166b?
3d1663
In base 15, what is 28b - 443a0?
-44114
In base 6, what is 45 + 5532313?
5532402
In base 9, what is 7 + 164213416?
164213424
In base 13, what is -8 - -408c4a?
408c42
In base 12, what is 42584 + 48?
42610
In base 8, what is -12030523 + 6?
-12030515
In base 7, what is -12165 + -1565441?
-1610636
In base 7, what is 4 - -205561121?
205561125
In base 8, what is -6134215 - 1072?
-6135307
In base 10, what is -14 + -2728409?
-2728423
In base 13, what is 0 + 505cb9?
505cb9
In base 13, what is 2b - -b875?
b8a3
In base 7, what is -10106 + -135300?
-145406
In base 8, what is -416 - -125666?
125250
In base 9, what is 3825 + 10617?
14543
In base 14, what is -ac4b - -9?
-ac42
In base 2, what is -1100011111000 - -11?
-1100011110101
In base 3, what is 1111001 - 10201022?
-2020021
In base 3, what is -121111211011212201 - 11?
-121111211011212212
In base 4, what is -10 + -11020112312?
-11020112322
In base 7, what is 606142 - -106?
606251
In base 4, what is 0 - 12213301200?
-12213301200
In base 7, what is 2342205 - -234?
2342442
In base 3, what is 11 - 1200121121220000?
-1200121121212212
In base 10, what is 6540600 - 1?
6540599
In base 8, what is -5 + 73620163?
73620156
In base 15, what is 24 - -c9707?
c972b
In base 15, what is -46 + -229ca7?
-229ced
In base 8, what is 1402170 - 4?
1402164
In base 16, what is 1b - -235b66?
235b81
In base 9, what is 516 + 233247?
233764
In base 10, what is 49052385 + 1?
49052386
In base 5, what is -1021411 + 30311?
-441100
In base 2, what is -1 + -100000111101111001110100011?
-100000111101111001110100100
In base 2, what is -10101110111010111001 - 10000101?
-10101110111100111110
In base 10, what is -16 + -2786708?
-2786724
In base 15, what is 5c + -640c4?
-64067
In base 15, what is -8 - -3973d?
39735
In base 3, what is -122212202 - 2001002000?
-2200221202
In base 7, what is 3 - 11125613?
-11125610
In base 8, what is -125166257 - 46?
-125166325
In base 11, what is -10042 - -274?
-a879
In base 13, what is 4 - 24c6149?
-24c6145
In base 4, what is 32010111131231 - -3?
32010111131300
In base 14, what is 799c5417 - 0?
799c5417
In base 4, what is -21311210 + -332210?
-22310020
In base 10, what is -8342469 + -147?
-8342616
In base 13, what is 3 - 32747169?
-32747166
In base 11, what is -576 - 66?
-631
In base 4, what is -1 + -2202232210101?
-2202232210102
In base 5, what is 1140402143 + -43?
1140402100
In base 7, what is 3506445 - 23?
3506422
In base 12, what is -904a99 + -12?
-904aab
In base 9, what is 67 + -22461653?
-22461575
In base 16, what is 5c3 + -1710?
-114d
In base 10, what is -44 - 118015?
-118059
In base 16, what is -15e2d - -21?
-15e0c
In base 8, what is 531463653 - -3?
531463656
In base 10, what is 5588 - -524?
6112
In base 9, what is 47 - 2454733?
-2454675
In base 15, what is -5 - -34b6a9?
34b6a4
In base 12, what is -69 + 38a4b?
389a2
In base 10, what is 29988 + -35?
29953
In base 10, what is 11 - 2159632?
-2159621
In base 14, what is -59099 - 2?
-5909b
In base 9, what is -22403 + 12323?
-10070
In base 16, what is c - -10eb?
10f7
In base 10, what is 23 + 816242?
816265
In base 12, what is -2938a + -31aa?
-30578
In base 11, what is 607a - -2125?
81a4
In base 4, what is -230 + -1120312330310?
-1120312331200
In base 5, what is -3331004213 - -3?
-3331004210
In base 10, what is -4 - -103541996?
103541992
In base 2, what is 1101000010110001000001110111 + 1?
1101000010110001000001111000
In base 11, what is -1 + 8a97757?
8a97756
In base 15, what is 1c888 + 70?
1c908
In base 3, what is 211221221221 + -202000?
211221012221
In base 2, what is 11 + -10111011001010001111110100?
-10111011001010001111110001
In base 13, what is -1284 - c07?
-218b
In base 11, what is 1 - -517168a1?
517168a2
In base 16, what is 4 - -1db586?
1db58a
In 